7.
2307
Calculate the highest common factor of 23384 and 209786633.
2923
Calculate the highest common factor of 214871 and 7372.
19
Calculate the highest common factor of 2422 and 218876.
14
Calculate the highest common divisor of 38038 and 10144708.
266
Calculate the greatest common factor of 462751986 and 354.
354
What is the highest common factor of 33340 and 67360?
20
What is the greatest common factor of 17052 and 490448?
812
What is the greatest common divisor of 1411515 and 11580?
15
What is the highest common factor of 28215548 and 687?
229
Calculate the greatest common factor of 1311 and 135415071.
57
Calculate the greatest common factor of 1845898 and 13925.
557
What is the highest common factor of 8733 and 264972?
213
What is the highest common factor of 1095952 and 74789?
143
Calculate the greatest common factor of 126768 and 60882.
834
Calculate the highest common factor of 911047874 and 22.
22
Calculate the highest common factor of 142 and 3916289.
71
Calculate the greatest common factor of 213756 and 637743.
141
Calculate the greatest common factor of 2684418 and 858.
66
Calculate the highest common divisor of 8 and 2978186824.
8
Calculate the highest common divisor of 6028861616 and 632.
632
Calculate the greatest common divisor of 192445 and 20994.
3499
What is the greatest common divisor of 40 and 4241896?
8
What is the highest common factor of 35098 and 383026?
1526
What is the greatest common divisor of 1465026 and 1083903?
2703
Calculate the highest common factor of 10070 and 88160.
190
Calculate the highest common factor of 108871 and 379967.
721
What is the greatest common factor of 420 and 555007740?
420
Calculate the greatest common divisor of 3921775 and 2717.
143
Calculate the greatest common divisor of 82016 and 45584.
176
What is the greatest common factor of 533620 and 80?
20
What is the greatest common divisor of 92314296 and 72?
72
What is the greatest common divisor of 1285250 and 800?
50
Calculate the greatest common divisor of 10429285 and 40.
5
Calculate the highest common divisor of 1000404 and 21582.
18
Calculate the greatest common divisor of 1954 and 513951827.
977
What is the greatest common factor of 1012 and 5601926?
506
What is the greatest common divisor of 557760 and 782607?
1743
Calculate the greatest common divisor of 500 and 67028000.
500
What is the greatest common factor of 27 and 393539?
1
Calculate the highest common factor of 337746 and 31494.
1086
Calculate the greatest common divisor of 480173925 and 1340.
335
Calculate the highest common divisor of 60816 and 1914980.
724
What is the highest common factor of 121512 and 11120?
8
Calculate the highest common factor of 14155 and 9537335.
95
Calculate the greatest common factor of 570 and 411680790.
570
What is the highest common factor of 145072164 and 70464?
4404
Calculate the highest common factor of 7690279 and 93469.
151
What is the highest common factor of 23776 and 14272?
32
Calculate the greatest common divisor of 1767 and 2726082.
57
Calculate the greatest common factor of 20123540 and 68.
4
Calculate the highest common factor of 67394457 and 130.
13
Calculate the greatest common divisor of 1158 and 43026.
6
What is the highest common divisor of 155465 and 47200?
295
Calculate the greatest common factor of 973 and 1974217.
973
What is the greatest common factor of 1008 and 20407464?
504
Calculate the greatest common divisor of 6361439 and 177.
59
Calculate the greatest common divisor of 66 and 432003264.
66
Calculate the greatest common divisor of 83 and 153142304.
83
Calculate the highest common divisor of 26352 and 232476.
12
Calculate the greatest common factor of 27918120 and 19710.
2190
Calculate the highest common factor of 1158 and 89724.
6
Calculate the greatest common divisor of 4215398 and 29282.
242
Calculate the highest common factor of 92 and 133726094.
46
Calculate the highest common factor of 87 and 70236898.
29
Calculate the highest common factor of 88 and 2421352.
8
What is the greatest common factor of 646935 and 1935?
645
Calculate the highest common divisor of 381636 and 1332.
36
Calculate the greatest common divisor of 8973745 and 1760.
55
Calculate the greatest common divisor of 27 and 2687283.
27
Calculate the highest common factor of 69587077 and 908.
227
Calculate the highest common divisor of 119219564 and 8.
4
What is the greatest common factor of 81153888 and 678?
678
Calculate the highest common divisor of 110080 and 1312016.
688
What is the highest common divisor of 6222 and 8042850?
366
What is the greatest common divisor of 16296 and 123055170?
4074
What is the greatest common divisor of 98169765 and 30?
15
Calculate the greatest common factor of 4925410 and 2380.
1190
Calculate the highest common factor of 75528 and 6939.
9
Calculate the highest common divisor of 524867175 and 1050.
525
What is the greatest common factor of 2248 and 129016?
8
What is the highest common factor of 22399 and 5677285?
1723
Calculate the highest common divisor of 186559 and 24625.
197
Calculate the greatest common factor of 1085 and 16138445.
155
Calculate the highest common factor of 379822686 and 37.
37
What is the highest common divisor of 89964 and 651780?
1836
Calculate the highest common divisor of 26 and 36119343.
13
Calculate the highest common divisor of 4462517 and 17.
17
What is the greatest common factor of 5819823 and 24059?
491
Calculate the greatest common divisor of 5831 and 5253.
17
Calculate the greatest common factor of 12077514 and 15138.
522
What is the highest common divisor of 4 and 11130802?
2
What is the highest common factor of 79 and 138265247?
79
What is the greatest common factor of 15960 and 1171485?
105
What is the highest common factor of 37168 and 29471901?
2323
What is the highest common factor of 272 and 39624263?
17
Calculate the greatest common factor of 177120 and 18495.
135
What is the highest common factor of 13866119 and 1?
1
What is the highest common factor of 918 and 27517254?
102
Calculate the highest common factor of 153807 and 2898387.
921
What is the greatest common divisor of 1428762 and 285?
57
Calculate the highest common divisor of 7212 and 10498869.
1803
What is the highest common divisor of 1715 and 90653185?
1715
What is the greatest common divisor of 1425 and 1245469?
19
What is the greatest common factor of 192 and 2134074?
6
Calculate the greatest common divisor of 7602 and 3878.
14
Calculate the highest common factor of 30753649 and 574.
41
What is the highest common factor of 414612 and 177012?
1188
Calculate the greatest common factor of 201884 and 56170.
82
What is the highest common divisor of 166088400 and 228?
12
Calculate the highest common factor of 360 and 187201170.
90
Calculate the highest common factor of 351 and 2370342.
39
Calculate the greatest common divisor of 32284686 and 1748.
874
Calculate the greatest common factor of 604 and 2085159.
151
Calculate the greatest common divisor of 44640 and 2681505.
45
What is the greatest common divisor of 1128285 and 2130?
15
Calculate the highest common divisor of 49777516 and 2144.
268
What is the highest common divisor of 28404 and 195732?
36
Calculate the greatest common factor of 98696416 and 336.
112
What is the highest common factor of 12045100 and 138?
46
Calculate the highest common factor of 42888624 and 992.
496
What is the highest common factor of 3807 and 177758982?
1269
What is the greatest common divisor of 650302 and 3618?
134
What is the greatest common factor of 89533678 and 130?
26
Calculate the greatest common divisor of 18 and 397663668.
18
What is the highest common factor of 657574915 and 19802?
9901
Calculate the highest common factor of 3369104 and 54484.
212
What is the highest common factor of 20562104 and 8360?
152
What is the greatest common divisor of 1995750 and 10250?
250
Calculate the greatest common factor of 14205 and 1381673.
947
Calculate the greatest common divisor of 541552238 and 17.
17
Calculate the highest common divisor of 115 and 36293.
1
What is the highest common divisor of 79061568 and 192?
192
What is the highest common divisor of 86671 and 615134?
767
Calculate the highest common factor of 1030183 and 10353.
119
Calculate the highest common factor of 60 and 